culate the remainder when 32 is divided by y.
10
Suppose 3*o + 65 = 4*a - 0*o, -3*o = 4*a - 71. Suppose 3*j - 96 = -0*j. Calculate the remainder when j is divided by a.
15
Suppose 2*g + 78 = 5*g. Suppose 0 = 4*u - g - 22. Calculate the remainder when 296/u - 2/3 is divided by 13.
11
Let h(r) = r**2 - 5*r + 3. Let x be h(5). Let f(o) = -o**2 - 5*o - 2. Let v be f(-4). Suppose v = b - x. Calculate the remainder when 8 is divided by b.
3
Let t = -10 - -45. Suppose l + 3*h = 16, -l - h = -3 - 5. Suppose -l*f - 8 = 0, -2*f = -3*r + 3*f + 46. What is the remainder when t is divided by r?
11
Suppose -21 = -3*m + 3*y, -18 = -0*m - 4*m + 2*y. Suppose 2 = -m*x + 8. Suppose z - 52 + 43 = 0. Calculate the remainder when z is divided by x.
0
Let l = 6 - 3. Suppose -4*m + 63 = -l*m. Suppose -5*k + m = 5*d - 187, 244 = 5*k - d. Calculate the remainder when k is divided by 17.
15
Let n = -7 - -11. Let i = 10 - 8. What is the remainder when n is divided by i?
0
Let y(x) = 14*x**3 - 2*x**2 + x. Suppose 3*t = -3, d + 2*d = t + 4. What is the remainder when (2 - -1)*(-25)/(-3) is divided by y(d)?
12
Let h = -26 - -15. Let w be (-43)/(-4) + (-1)/(-4). Let l = w - h. What is the remainder when l is divided by 12?
10
Let w(l) = -2*l**3 - 6*l**2 + l + 6. Let x be w(-4). What is the remainder when 47 is divided by (x/(-4))/(15/(-30))?
13
Let y(p) = p**2 + 5*p + 8. Calculate the remainder when (24/4)/3 + 50 is divided by y(-6).
10
Let g be (-4)/(3/12*-2). Suppose o + g = 19. What is the remainder when 21 is divided by o?
10
Let f(x) = 5*x**2 + 2*x - 4. Let h be f(-3). Let a = h - 0. What is the remainder when a is divided by 18?
17
Let w = -23 + 37. Let n be (2/2)/((-1)/(-9)). Let g = -4 + n. Calculate the remainder when w is divided by g.
4
Let v = 79 + -54. Let i = 13 + -8. Suppose -q = -4 - i. Calculate the remainder when v is divided by q.
7
Let g(k) = 17*k + 7. Let j(v) = 17*v + 6. Let p(z) = 5*g(z) - 6*j(z). Suppose -2*r = 2 + 2. What is the remainder when p(r) is divided by 9?
6
Let q = -9 + 40. What is the remainder when q is divided by 8?
7
Suppose -2*c = 6*g - g - 5, 2*g = -c + 4. Let j(v) = 2*v**2 - 8*v + 4. Calculate the remainder when j(6) is divided by c.
8
Let d(a) = a + 9*a + 1 + a. Suppose -z + 119 = 5*u, 4*z + 0*z = 16. What is the remainder when u is divided by d(1)?
11
Let b(z) = -z**3 - z**2 + z + 23. Calculate the remainder when b(0) is divided by 13.
10
Suppose 6*o - 224 = -o. What is the remainder when o is divided by 6?
2
Suppose -20 = -5*d, 6*f + 2*d - 62 = 3*f. Let c(s) = -22*s + 4. Calculate the remainder when c(-3) is divided by f.
16
Suppose 0 = -n - 2*x + 7, 0*n - 45 = -3*n + 2*x. What is the remainder when 22 is divided by n?
9
Let t be 5/((3 + 0)/(-75)). Let j = t - 364. What is the remainder when j/(-21) + 8/(-28) is divided by 13?
10
Let f = -15 + 23. Let u = 15 + f. Calculate the remainder when u is divided by 8.
7
Calculate the remainder when (4 - (-4 - -12)) + 69 is divided by 17.
14
Suppose 3*x - 7 = -f + 107, -3*f - 126 = -3*x. What is the remainder when x is divided by 15?
9
Let y = 1 + 2. What is the remainder when 3/21 + (-205)/(-35) is divided by y?
0
Suppose 5*q - 9 = -4. Let c(v) = v. What is the remainder when c(q) is divided by 1?
0
Let a(k) = -k**2 + 6*k + 9. Let w(d) = d - 5. Let i be w(4). What is the remainder when a(7) is divided by ((-1 - -2)/(-1))/i?
0
Suppose -5*z = -3*i + 3, -z + 17 = -5*i - 0*z. Let h = 51 - 32. What is the remainder when (-74)/(i/(4 - 2)) is divided by h?
18
Calculate the remainder when 85/(-34)*376/(-10) is divided by 25.
19
Let b(q) = -2*q + 1. Let c be b(-3). Let f = c - -10. Calculate the remainder when f is divided by 9.
8
Let q = -8 + 21. Let y = 5 + 3. Calculate the remainder when q is divided by y.
5
Suppose 2*g = 34 + 28. Let t be 510/8 + (-1)/(-4). Suppose -3*v + t = 4*l, 3*l - 4*v - 20 = 28. Calculate the remainder when g is divided by l.
15
Calculate the remainder when 12 is divided by -3*(-3)/(-3)*-1.
0
Let x(l) = 6*l**3 - 6*l**2 - l + 2. Calculate the remainder when 69 is divided by x(2).
21
Let b = -26 - -116. Suppose l - 50 = b. Suppose -4*j + l = j. Calculate the remainder when j is divided by 10.
8
Let r(g) = -g**3 + 13*g**2 + g + 10. What is the remainder when r(13) is divided by 6?
5
Calculate the remainder when -2 + 2 + 8*7 is divided by 19.
18
Let d = -94 - -95. Let b(y) = -5*y. Let k be b(-1). Suppose 5*r - 10 = -k. What is the remainder when d is divided by r?
0
Let j = -38 - -42. Calculate the remainder when 9 is divided by j.
1
What is the remainder when 11 is divided by 1 + -2 + 5 - -3?
4
Suppose -96 = 2*p - 6*p. Let z(a) = 13*a - 78. What is the remainder when p is divided by z(7)?
11
Suppose -4*a - 3*x + 7*x = -56, -3*a = x - 38. Let q = 18 - a. Calculate the remainder when q is divided by -4 + 2 + 3 + 1.
1
Let r(l) = -l**2 - 8*l - 6. Let x(t) = -65*t - 1. Let d be x(-1). Suppose 2*f = -2*f + d. Calculate the remainder when f is divided by r(-5).
7
Suppose -2*n - 2*n - 11 = f, -4*f + 32 = -3*n. Suppose -5*l = -2*l + 3*u - 30, 4*l + f*u - 35 = 0. What is the remainder when 29 is divided by l?
14
Let k = 39 - 11. Suppose 5*g - k = g - 3*u, g + u - 8 = 0. What is the remainder when g is divided by 3?
1
Let i = 7 - 3. Suppose i*o - 36 = -4*q, -o + 6 - 1 = 2*q. Calculate the remainder when 23 is divided by o.
10
Suppose 0 = 2*z - z + 3*w + 7, -4*z + 3*w = -47. Let q(u) = -u + 3. Let f be q(4). Calculate the remainder when f/(1 - (-46)/(-44)) is divided by z.
6
What is the remainder when 9 is divided by 18/(-15)*(-10)/6?
1
Let l(u) = 2*u**2 - 2*u - 19. What is the remainder when 35 is divided by l(5)?
14
Let x = -11 + 21. Suppose -2*r - x = -80. What is the remainder when r is divided by 12?
11
Suppose -3*f + 16 = -w - 1, 0 = 5*f - 4*w - 40. Suppose 4*z + 36 + 41 = 3*t, -16 = -f*z. What is the remainder when t is divided by 17?
14
Let v(n) be the second derivative of -5*n**3/6 + 2*n. Let y be v(-5). Suppose y + 14 = 3*q. What is the remainder when 37 is divided by q?
11
Let k(n) = 2*n**2 - 3*n - 6. Let z be k(6). Suppose -3*j + z = j. Calculate the remainder when 35 is divided by j.
11
What is the remainder when (3/(-9))/(6/(-252)) is divided by 5?
4
Let g = 6 - 12. Let f = 0 - g. Suppose 2*v - 32 = -m, 3*v - v - m - 36 = 0. Calculate the remainder when v is divided by f.
5
Suppose 7 = 3*u - 89. Calculate the remainder when 93 is divided by u.
29
Suppose 25*i - 9*i = 64. What is the remainder when 6 is divided by i?
2
Let y(o) = -2*o**2 - 25*o. What is the remainder when y(-9) is divided by 13?
11
Suppose p + 14 = 4*p - 2*m, -4*m + 8 = 0. Suppose -1 = -4*w - j, w + 2*j + 1 = -4. Let g = 3 + w. What is the remainder when p is divided by g?
2
Let v(y) = -y**2 - y + 2. Let d be v(0). Suppose -3*u = 2*w - 256, -d*u - w = -0*u - 170. Calculate the remainder when u is divided by 29.
26
Let z = 46 + -17. Let d be 2/((3 - 1)/1). What is the remainder when z is divided by 11 + 0 + d + -2?
9
Suppose -2*d = -5*q + 68, -5 + 2 = -3*d. Calculate the remainder when 67 is divided by q.
11
Suppose -11*q = -7*q - 852. Calculate the remainder when q is divided by 27.
24
Let v(i) = -i - 4. Let k be v(-5). Calculate the remainder when 4/6 - 291/(-9) is divided by k/5 + 59/5.
9
Let g(l) = -6*l - 2. Let o be g(-5). Let t(h) = -11*h - 15. Let q be t(-5). Let r = q - o. Calculate the remainder when r is divided by 7.
5
Let s = 39 + -24. What is the remainder when s is divided by 6?
3
Let k be 8/5 - (-14)/35. Suppose 4*y = 5*s - k*s + 14, 2*s + 2*y = -14. Calculate the remainder when (-368)/s + 6/9 is divided by 16.
14
Suppose 2*v + 9*g = 4*g + 30, -2*v + 2*g + 16 = 0. Let x = -4 - -6. Calculate the remainder when 19 + (1 - 3) + x is divided by v.
9
Let o(c) = -c**3 - 3*c**2 - 4*c - 1. What is the remainder when 2/((-4)/(-31))*2 is divided by o(-3)?
9
Suppose 0*m = 5*m - 95. Suppose -5*k + 269 - m = 0. What is the remainder when k is divided by 17?
16
Let p be 4/(-1) + (-9)/(-9). Let v be 4/10*(-15)/p. Suppose -v*h - 3*h + 50 = 0. Calculate the remainder when 29 is divided by h.
9
Let k = 42 - 25. Suppose 16 = -4*r, 0*q - 58 = -5*q + 2*r. What is the remainder when k is divided by q?
7
Let u = -29 - -14. Let k = 24 + u. Let d = k - -3. What is the remainder when d is divided by 7?
5
Let o = -